1466252066 - 5?
11466252061
In base 3, what is -1012001112021011101 - -1?
-1012001112021011100
In base 11, what is -10740 + -2821?
-13461
In base 14, what is 53775 + 4b?
537c2
In base 13, what is 14 - 48a93a?
-48a926
In base 2, what is 110001010111 + -110111110?
101010011001
In base 8, what is -1033 + 155703?
154650
In base 8, what is 2325161 - -2220?
2327401
In base 14, what is -44 - -381c44?
381c00
In base 7, what is 323360021 - 24?
323356664
In base 16, what is 1943 - 508?
143b
In base 16, what is -18115 + 3a?
-180db
In base 12, what is -8757 - 35a05?
-42560
In base 11, what is -121453a - a?
-1214549
In base 6, what is -1203543225 + 2?
-1203543223
In base 7, what is -121 + -21212520?
-21212641
In base 5, what is 312 + -4000431?
-4000114
In base 6, what is 141535 + -413?
141122
In base 12, what is 3684 + 942?
4406
In base 9, what is 1 - 5605674?
-5605673
In base 10, what is -56125 - 44?
-56169
In base 2, what is 101 - 1110111110001110101010110?
-1110111110001110101010001
In base 9, what is -207206 - 4110?
-212316
In base 13, what is -17cba - 3?
-17cc0
In base 9, what is 61018 + -21242?
38666
In base 3, what is -11112002 - -1020122?
-10021110
In base 14, what is 1c5a96 - -3d?
1c5ad5
In base 3, what is 1 + -2111100121220?
-2111100121212
In base 6, what is 25223550 - -534?
25224524
In base 4, what is -133221 - -2021222220?
2021022333
In base 5, what is 30043241 + -231?
30043010
In base 14, what is -2c0 - -37497b?
37469b
In base 16, what is 11001 + -9e?
10f63
In base 11, what is -74899 - -85?
-74814
In base 2, what is 10100100100101100 - -1101101?
10100100110011001
In base 8, what is -56243 + -4624?
-63067
In base 12, what is -16a1 - 76195?
-77876
In base 15, what is -10d1 + 107b?
-55
In base 5, what is 1 + -102332104310?
-102332104304
In base 12, what is 2a13181 - -7?
2a13188
In base 3, what is 100 + 21011201212?
21011202012
In base 9, what is -60 - 3660823?
-3660883
In base 4, what is -101 - -100311132?
100311031
In base 2, what is 10011000011100011010101010 - 101?
10011000011100011010100101
In base 10, what is -149540346 - -3?
-149540343
In base 16, what is -3a - -4fa90?
4fa56
In base 11, what is 1 + 3720978?
3720979
In base 11, what is -524 + 30781?
30258
In base 3, what is 2010 + -1222200022?
-1222121012
In base 2, what is -11001000110100 - -11101000011001?
11111100101
In base 13, what is 3261 - -37b?
360c
In base 7, what is 52224523 + -12?
52224511
In base 16, what is -5e8 + 33722?
3313a
In base 2, what is 10001101011011 - 101100011?
10000111111000
In base 9, what is 32 + 107551?
107583
In base 11, what is 1 - -388a3794?
388a3795
In base 13, what is -1653 - 2122?
-3775
In base 15, what is -3 - 6045d6?
-6045d9
In base 12, what is 0 + 6815029?
6815029
In base 6, what is -1233131 + 32250?
-1200441
In base 8, what is 111512 + -23?
111467
In base 6, what is -52243 - -3200503?
3104220
In base 16, what is 8 - -43a635?
43a63d
In base 12, what is 55 - -498018?
498071
In base 9, what is -385445 - -1573?
-383762
In base 12, what is -1607 - -2a09?
1402
In base 11, what is 311a908 + -113?
311a7a5
In base 14, what is a5357 - 4?
a5353
In base 3, what is 0 + -2201120010120021?
-2201120010120021
In base 16, what is -41a7e + -1b?
-41a99
In base 9, what is -15533283 + -5?
-15533288
In base 7, what is 4052435 - 154?
4052251
In base 7, what is 44626 - 323?
44303
In base 10, what is 14283263 + -2?
14283261
In base 2, what is -1 + -101000111101010110101110?
-101000111101010110101111
In base 7, what is -12005163524 - 3?
-12005163530
In base 14, what is 9d + -14ab7?
-14a18
In base 11, what is -34aa50360 + 3?
-34aa50358
In base 14, what is 218 + 238020?
238238
In base 5, what is 102122134233 + 0?
102122134233
In base 4, what is -3103130 - 2202212?
-11312002
In base 2, what is -1101011010001101101010 + -11?
-1101011010001101101101
In base 6, what is -15241350434 + -3?
-15241350441
In base 4, what is 1 - -33022001030211?
33022001030212
In base 9, what is 183800072 + -1?
183800071
In base 14, what is -2 + 18a489d?
18a489b
In base 3, what is 0 + -22221000222212210?
-22221000222212210
In base 5, what is -11 - -2430342200?
2430342134
In base 7, what is 6 - -521030235?
521030244
In base 2, what is 11000111011110 - -10100?
11000111110010
In base 7, what is 4 + -61001642?
-61001635
In base 10, what is 11 - -3983268?
3983279
In base 2, what is 10 - -1001111010111001100111001?
1001111010111001100111011
In base 6, what is 1002010553 + -21?
1002010532
In base 13, what is -7ac9aa4b - -4?
-7ac9aa47
In base 9, what is -15514417 + -52?
-15514470
In base 3, what is -2 + -102002112102101201?
-102002112102101210
In base 9, what is -18036566 + 37?
-18036528
In base 10, what is 2636679 + 13?
2636692
In base 11, what is 4353 + 133a1?
17744
In base 2, what is 1000001101001 - 111001111?
111010011010
In base 2, what is -1000110001 - 11001001110101111101?
-11001001111110101110
In base 3, what is -22001220200 + -10?
-22001220210
In base 7, what is -5 + 1011325631?
1011325623
In base 9, what is 76847414 + -4?
76847410
In base 11, what is -13 - -10a1539?
10a1526
In base 14, what is -c19a8 + -18?
-c19c2
In base 5, what is -3 + -44401314?
-44401322
In base 11, what is -8a - -584209?
58412a
In base 16, what is 43e + -5b8?
-17a
In base 5, what is -21204 - -22342102?
22320343
In base 5, what is -43 - -2230434?
2230341
In base 11, what is -2 - -a29791?
a2978a
In base 5, what is -434322220401 - -2?
-434322220344
In base 14, what is 12adc - -db?
12bd9
In base 4, what is -121002120 + 11302?
-120330212
In base 9, what is 17377 + 1401?
18778
In base 6, what is -2410545 - 54?
-2411043
In base 7, what is -3 - -51525141?
51525135
In base 13, what is 326550 - 111?
32643c
In base 12, what is 8848 + 3a?
8886
In base 3, what is -12 - 21101010111101220?
-21101010111102002
In base 7, what is 36 - -2501454?
2501523
In base 10, what is 5 + 111448?
111453
In base 11, what is -558 + 18354?
178a7
In base 3, what is 122000112121 - -121101?
122001010222
In base 10, what is -205467 - -103?
-205364
In base 8, what is -4 - -537604021?
537604015
In base 11, what is 21712 + 12394?
33aa6
In base 11, what is 265 + 622777?
622a31
In base 2, what is 1111101010011011110 - 1000100?
1111101010010011010
In base 12, what is 4648 - -142a9?
18935
In base 3, what is -1211021212201 - -12?
-1211021212112
In base 5, what is -3320 + -10401131?
-10410001
In base 5, what is 10 + 44144121103?
44144121113
In base 5, what is -3031434324 + 0?
-3031434324
In base 3, what is -12002121221110 - 1100?
-12002121222210
In base 9, what is 6511552 + -2?
6511550
In base 15, what is 4 - 3ba3393?
-3ba338e
In base 5, what is 22002140441 - 1?
22002140440
In base 12, what is 3423179 - 0?
3423179
In base 7, what is 2 - 20251261?
-20251256
In base 10, what is 6 + -27051748?
-27051742
In base 14, what is -8 + -49da5?
-49dad
In base 6, what is 1421424 - -455?
1422323
In base 15, what is -4 - -15a7da?
15a7d6
In base 3, what is 1100012 - 1122001111?
-1120201022
In base 8, what is -42 + -46615?
-46657
In base 16, what is -1aede30 - 2?
-1aede32
In base 15, what is -5 - 2261542?
-2261547
In base 5, what is 20 + -1334403423?
-1334403403
In base 5, what is 432 - -340204101?
340210033
In base 10, what is -4 - -3585948?
3585944
In base 15, what is 23c8 + 906?
2cce
In base 8, what is -47 - 13015422?
-13015471
In base 6, what is 115 - 14454540?
-14454421
In base 15, what is d5913 - 33?
d58d0
In base 9, what is -564 - -83151?
82476
In base 16, what is 10 + 11d207?
11d217
In base 7, what is 341 - -401502?
402143
In base 6, what is -23441114 - -4?
-23441110
In base 10, what is 5706988 + 4?
5706992
In base 7, what is 3 - 606460610?
-606460604
In base 4, what is -1031201213 + 111302?
-1031023311
In base 11, what is -30 + 12a810?
12a790
In base 7, what is -34 + 4514222?
4514155
In base 5, what is 1 - 10044124301?
-10044124300
In base 7, what is -24416052 + 515?
-24415234
In base 6, what is 203215 + -243241?
-40022
In base 4, what is 13 - 11132132?
-11132113
In base 12, what is 187b6 + 165?
1895b
In base 6, what is 41 + 30144514?
30144555
In base 7, what is 20 - 2342424063?
-2342424043
In base 16, what is a65c + 24?
a680
In base 5, what is 1402021 - 2203?
1344313
In base 4, what is 303311 + -11112?
232133
In base 6, what is -1144412 + 2511?
-1141501
In base 3, what is -22020020 